{"id":6647,"date":"2025-07-29T09:03:53","date_gmt":"2025-07-29T09:03:53","guid":{"rendered":"https:\/\/vlxdquedong.vn\/?post_type=product&#038;p=6647"},"modified":"2025-07-29T09:19:13","modified_gmt":"2025-07-29T09:19:13","slug":"dong-nai-21","status":"publish","type":"product","link":"https:\/\/vlxdquedong.vn\/?product=dong-nai-21","title":{"rendered":"\u0110\u1ed3ng Nai"},"content":{"rendered":"<p data-start=\"64\" data-end=\"143\"><strong data-start=\"64\" data-end=\"143\">Ng\u00f3i 22 Tuildonai \u2013 Gi\u1ea3i ph\u00e1p m\u00e1i ng\u00f3i truy\u1ec1n th\u1ed1ng v\u1edbi ch\u1ea5t l\u01b0\u1ee3ng hi\u1ec7n \u0111\u1ea1i<\/strong><\/p>\n<p data-start=\"145\" data-end=\"527\">Ng\u00f3i 22 Tuildonai l\u00e0 s\u1ea3n ph\u1ea9m n\u1ed5i b\u1eadt c\u1ee7a C\u00f4ng ty C\u1ed5 ph\u1ea7n G\u1ea1ch Ng\u00f3i \u0110\u1ed3ng Nai (Tuildonai) \u2013 m\u1ed9t th\u01b0\u01a1ng hi\u1ec7u uy t\u00edn l\u00e2u \u0111\u1eddi trong ng\u00e0nh v\u1eadt li\u1ec7u x\u00e2y d\u1ef1ng t\u1ea1i Vi\u1ec7t Nam. \u0110\u01b0\u1ee3c s\u1ea3n xu\u1ea5t t\u1eeb ngu\u1ed3n \u0111\u1ea5t s\u00e9t cao c\u1ea5p v\u00e0 tr\u1ea3i qua quy tr\u00ecnh nung \u1edf nhi\u1ec7t \u0111\u1ed9 cao, ng\u00f3i 22 Tuildonai c\u00f3 \u0111\u1ed9 c\u1ee9ng ch\u1eafc v\u01b0\u1ee3t tr\u1ed9i, kh\u1ea3 n\u0103ng ch\u1ed1ng th\u1ea5m v\u00e0 ch\u1ed1ng n\u1ee9t t\u1ed1t, ph\u00f9 h\u1ee3p v\u1edbi \u0111i\u1ec1u ki\u1ec7n kh\u00ed h\u1eadu n\u00f3ng \u1ea9m c\u1ee7a Vi\u1ec7t Nam.<\/p>\n<p data-start=\"529\" data-end=\"805\">V\u1edbi thi\u1ebft k\u1ebf ki\u1ec3u s\u00f3ng truy\u1ec1n th\u1ed1ng, ng\u00f3i 22 Tuildonai mang l\u1ea1i v\u1ebb \u0111\u1eb9p g\u1ea7n g\u0169i, m\u1ed9c m\u1ea1c nh\u01b0ng kh\u00f4ng k\u00e9m ph\u1ea7n sang tr\u1ecdng cho c\u00e1c c\u00f4ng tr\u00ecnh nh\u01b0 nh\u00e0 \u1edf n\u00f4ng th\u00f4n, nh\u00e0 c\u1ed5, nh\u00e0 th\u1edd h\u1ecd, \u0111\u00ecnh ch\u00f9a&#8230; M\u00e0u \u0111\u1ecf g\u1ea1ch t\u1ef1 nhi\u00ean \u0111\u1eb7c tr\u01b0ng gi\u00fap m\u00e1i nh\u00e0 lu\u00f4n n\u1ed5i b\u1eadt v\u00e0 b\u1ec1n m\u00e0u theo th\u1eddi gian.<\/p>\n<p data-start=\"807\" data-end=\"979\">Ng\u00f3i 22 Tuildonai kh\u00f4ng ch\u1ec9 l\u00e0 l\u1ef1a ch\u1ecdn v\u1eadt li\u1ec7u b\u1ec1n v\u1eefng m\u00e0 c\u00f2n l\u00e0 gi\u1ea3i ph\u00e1p th\u1ea9m m\u1ef9 \u0111\u1eadm ch\u1ea5t v\u0103n h\u00f3a Vi\u1ec7t, g\u00f3p ph\u1ea7n g\u00ecn gi\u1eef n\u00e9t \u0111\u1eb9p truy\u1ec1n th\u1ed1ng trong ki\u1ebfn tr\u00fac hi\u1ec7n \u0111\u1ea1i.<\/p>\n","protected":false},"excerpt":{"rendered":"<p>Ng\u00f3i 22 Tuildonai \u2013 Gi\u1ea3i ph\u00e1p m\u00e1i ng\u00f3i truy\u1ec1n th\u1ed1ng v\u1edbi ch\u1ea5t l\u01b0\u1ee3ng hi\u1ec7n \u0111\u1ea1i Ng\u00f3i 22 Tuildonai l\u00e0 s\u1ea3n ph\u1ea9m n\u1ed5i b\u1eadt c\u1ee7a C\u00f4ng ty C\u1ed5 ph\u1ea7n G\u1ea1ch Ng\u00f3i \u0110\u1ed3ng Nai (Tuildonai) \u2013 m\u1ed9t th\u01b0\u01a1ng hi\u1ec7u uy t\u00edn l\u00e2u \u0111\u1eddi trong ng\u00e0nh v\u1eadt li\u1ec7u x\u00e2y d\u1ef1ng t\u1ea1i Vi\u1ec7t Nam. \u0110\u01b0\u1ee3c s\u1ea3n xu\u1ea5t t\u1eeb ngu\u1ed3n [&hellip;]<\/p>\n","protected":false},"featured_media":6648,"comment_status":"open","ping_status":"closed","template":"","meta":{"_acf_changed":false,"_jet_sm_ready_style":"","_jet_sm_style":"","_jet_sm_controls_values":"","_jet_sm_fonts_collection":"","_jet_sm_fonts_links":""},"product_cat":[414],"product_tag":[415],"child-category":[409],"parent-category":[405],"class_list":{"0":"post-6647","1":"product","2":"type-product","3":"status-publish","4":"has-post-thumbnail","6":"product_cat-ngoi-22","7":"product_tag-dat-nung","8":"child-category-ngoi-22","9":"parent-category-ngoi","11":"entry","12":"has-media","14":"first","15":"instock","16":"shipping-taxable","17":"product-type-simple","18":"has-product-nav","19":"col","20":"span_1_of_3","21":"owp-content-center","22":"owp-thumbs-layout-horizontal","23":"owp-btn-normal","24":"owp-tabs-layout-horizontal"},"acf":[],"jetpack_sharing_enabled":true,"_links":{"self":[{"href":"https:\/\/vlxdquedong.vn\/index.php?rest_route=\/wp\/v2\/product\/6647","targetHints":{"allow":["GET"]}}],"collection":[{"href":"https:\/\/vlxdquedong.vn\/index.php?rest_route=\/wp\/v2\/product"}],"about":[{"href":"https:\/\/vlxdquedong.vn\/index.php?rest_route=\/wp\/v2\/types\/product"}],"replies":[{"embeddable":true,"href":"https:\/\/vlxdquedong.vn\/index.php?rest_route=%2Fwp%2Fv2%2Fcomments&post=6647"}],"wp:featuredmedia":[{"embeddable":true,"href":"https:\/\/vlxdquedong.vn\/index.php?rest_route=\/wp\/v2\/media\/6648"}],"wp:attachment":[{"href":"https:\/\/vlxdquedong.vn\/index.php?rest_route=%2Fwp%2Fv2%2Fmedia&parent=6647"}],"wp:term":[{"taxonomy":"product_cat","embeddable":true,"href":"https:\/\/vlxdquedong.vn\/index.php?rest_route=%2Fwp%2Fv2%2Fproduct_cat&post=6647"},{"taxonomy":"product_tag","embeddable":true,"href":"https:\/\/vlxdquedong.vn\/index.php?rest_route=%2Fwp%2Fv2%2Fproduct_tag&post=6647"},{"taxonomy":"child-category","embeddable":true,"href":"https:\/\/vlxdquedong.vn\/index.php?rest_route=%2Fwp%2Fv2%2Fchild-category&post=6647"},{"taxonomy":"parent-category","embeddable":true,"href":"https:\/\/vlxdquedong.vn\/index.php?rest_route=%2Fwp%2Fv2%2Fparent-category&post=6647"}],"curies":[{"name":"wp","href":"https:\/\/api.w.org\/{rel}","templated":true}]}}