{"id":6665,"date":"2025-08-09T06:28:15","date_gmt":"2025-08-09T06:28:15","guid":{"rendered":"https:\/\/vlxdquedong.vn\/?post_type=product&#038;p=6665"},"modified":"2025-09-22T09:38:04","modified_gmt":"2025-09-22T09:38:04","slug":"apollo-takao-3","status":"publish","type":"product","link":"https:\/\/vlxdquedong.vn\/?product=apollo-takao-3","title":{"rendered":"Apollo Takao"},"content":{"rendered":"<p><strong data-start=\"151\" data-end=\"220\">NG\u00d3I S\u00d3NG TR\u00c1NG MEN APOLLO &#8211; TAKAO<\/strong><\/p>\n<p>Ng\u00f3i s\u00f3ng Apollo Takao \u0111\u01b0\u1ee3c ch\u1ebf t\u00e1c t\u1eeb \u0111\u1ea5t s\u00e9t cao c\u1ea5p, nung \u1edf nhi\u1ec7t \u0111\u1ed9 h\u01a1n 1.100 \u0111\u1ed9 C v\u00e0 ph\u1ee7 l\u1edbp men ch\u1ea5t l\u01b0\u1ee3ng cao, mang l\u1ea1i b\u1ec1 m\u1eb7t b\u00f3ng m\u1ecbn, ch\u1ed1ng r\u00eau m\u1ed1c, b\u1ec1n m\u00e0u v\u00e0 ch\u1ecbu \u0111\u01b0\u1ee3c th\u1eddi ti\u1ebft kh\u1eafc nghi\u1ec7t.<\/p>\n<p><strong data-start=\"617\" data-end=\"664\">\u0110i\u1ec3m n\u1ed5i b\u1eadt:<\/strong><\/p>\n<ul>\n<li>Ch\u1ed1ng n\u00f3ng, c\u00e1ch \u00e2m hi\u1ec7u qu\u1ea3<\/li>\n<li>D\u1ec5 v\u1ec7 sinh, h\u1ea1n ch\u1ebf b\u00e1m b\u1ee5i v\u00e0 rong r\u00eau<\/li>\n<li>M\u00e0u s\u1eafc \u0111a d\u1ea1ng, sang tr\u1ecdng v\u00e8 b\u1ec1n l\u00e2u<\/li>\n<li>\u0110\u1ed9 b\u1ec1n c\u01a1 h\u1ecdc cao, ch\u1ed1ng th\u1ea5m tuy\u1ec7t \u0111\u1ed1i<\/li>\n<\/ul>\n<p><strong>\u1ee8ng d\u1ee5ng:\u00a0<\/strong><\/p>\n<p>Ph\u00f9 h\u1ee3p cho nhi\u1ec1u lo\u1ea1i c\u00f4ng tr\u00ecnh nh\u01b0 nh\u00e0 ph\u1ed1, bi\u1ec7t th\u1ef1, resort, nh\u00e0 v\u01b0\u1eddn v\u00e0 c\u00e1c c\u00f4ng tr\u00ecnh ki\u1ebfn tr\u00fac cao c\u1ea5p, gi\u00fap m\u00e1i nh\u00e0 v\u1eeba \u0111\u1eb9p v\u1eeba b\u1ec1n v\u1eefng theo th\u1eddi gian.<\/p>\n<p><strong>M\u00e0u s\u1eafc:<\/strong><\/p>\n<ul>\n<li>P3101: M\u00e0u \u0111\u1ecf<\/li>\n<li>P3102: M\u00e0u xanh r\u00eau<\/li>\n<li>P3103: M\u00e0u xanh t\u00edm than<\/li>\n<li>P3104: M\u00e0u c\u00e0 ph\u00ea<\/li>\n<li>P3106: M\u00e0u xanh blue<\/li>\n<li>P3109: M\u00e0u xanh coban<\/li>\n<\/ul>\n<p>&nbsp;<\/p>\n<p>&nbsp;<\/p>\n","protected":false},"excerpt":{"rendered":"<p>NG\u00d3I S\u00d3NG TR\u00c1NG MEN APOLLO &#8211; TAKAO Ng\u00f3i s\u00f3ng Apollo Takao \u0111\u01b0\u1ee3c ch\u1ebf t\u00e1c t\u1eeb \u0111\u1ea5t s\u00e9t cao c\u1ea5p, nung \u1edf nhi\u1ec7t \u0111\u1ed9 h\u01a1n 1.100 \u0111\u1ed9 C v\u00e0 ph\u1ee7 l\u1edbp men ch\u1ea5t l\u01b0\u1ee3ng cao, mang l\u1ea1i b\u1ec1 m\u1eb7t b\u00f3ng m\u1ecbn, ch\u1ed1ng r\u00eau m\u1ed1c, b\u1ec1n m\u00e0u v\u00e0 ch\u1ecbu \u0111\u01b0\u1ee3c th\u1eddi ti\u1ebft kh\u1eafc nghi\u1ec7t. \u0110i\u1ec3m n\u1ed5i b\u1eadt: [&hellip;]<\/p>\n","protected":false},"featured_media":6666,"comment_status":"open","ping_status":"closed","template":"","meta":{"_acf_changed":false,"_jet_sm_ready_style":"","_jet_sm_style":"","_jet_sm_controls_values":"","_jet_sm_fonts_collection":"","_jet_sm_fonts_links":""},"product_cat":[657],"product_tag":[416],"child-category":[676],"parent-category":[405],"class_list":{"0":"post-6665","1":"product","2":"type-product","3":"status-publish","4":"has-post-thumbnail","6":"product_cat-ngoi-trang-men","7":"product_tag-dat-nung-trang-men","8":"child-category-ngoi-trang-men","9":"parent-category-ngoi","11":"entry","12":"has-media","14":"first","15":"instock","16":"shipping-taxable","17":"product-type-simple","18":"has-product-nav","19":"col","20":"span_1_of_3","21":"owp-content-center","22":"owp-thumbs-layout-horizontal","23":"owp-btn-normal","24":"owp-tabs-layout-horizontal"},"acf":[],"jetpack_sharing_enabled":true,"_links":{"self":[{"href":"https:\/\/vlxdquedong.vn\/index.php?rest_route=\/wp\/v2\/product\/6665","targetHints":{"allow":["GET"]}}],"collection":[{"href":"https:\/\/vlxdquedong.vn\/index.php?rest_route=\/wp\/v2\/product"}],"about":[{"href":"https:\/\/vlxdquedong.vn\/index.php?rest_route=\/wp\/v2\/types\/product"}],"replies":[{"embeddable":true,"href":"https:\/\/vlxdquedong.vn\/index.php?rest_route=%2Fwp%2Fv2%2Fcomments&post=6665"}],"wp:featuredmedia":[{"embeddable":true,"href":"https:\/\/vlxdquedong.vn\/index.php?rest_route=\/wp\/v2\/media\/6666"}],"wp:attachment":[{"href":"https:\/\/vlxdquedong.vn\/index.php?rest_route=%2Fwp%2Fv2%2Fmedia&parent=6665"}],"wp:term":[{"taxonomy":"product_cat","embeddable":true,"href":"https:\/\/vlxdquedong.vn\/index.php?rest_route=%2Fwp%2Fv2%2Fproduct_cat&post=6665"},{"taxonomy":"product_tag","embeddable":true,"href":"https:\/\/vlxdquedong.vn\/index.php?rest_route=%2Fwp%2Fv2%2Fproduct_tag&post=6665"},{"taxonomy":"child-category","embeddable":true,"href":"https:\/\/vlxdquedong.vn\/index.php?rest_route=%2Fwp%2Fv2%2Fchild-category&post=6665"},{"taxonomy":"parent-category","embeddable":true,"href":"https:\/\/vlxdquedong.vn\/index.php?rest_route=%2Fwp%2Fv2%2Fparent-category&post=6665"}],"curies":[{"name":"wp","href":"https:\/\/api.w.org\/{rel}","templated":true}]}}