{"id":6746,"date":"2025-09-26T02:19:59","date_gmt":"2025-09-26T02:19:59","guid":{"rendered":"https:\/\/vlxdquedong.vn\/?post_type=product&#038;p=6746"},"modified":"2025-10-13T01:12:57","modified_gmt":"2025-10-13T01:12:57","slug":"gom-my-35","status":"publish","type":"product","link":"https:\/\/vlxdquedong.vn\/?product=gom-my-35","title":{"rendered":"G\u1ed1m M\u1ef9"},"content":{"rendered":"<p data-pm-slice=\"1 1 []\"><strong>G\u1ea0CH TH\u1eba 6X24 G\u1ed0M M\u1ef8<\/strong><\/p>\n<p data-pm-slice=\"1 1 []\">G\u1ea1ch th\u1ebb 6&#215;24 G\u1ed1m M\u1ef9 l\u00e0 l\u1ef1a ch\u1ecdn l\u00fd t\u01b0\u1edfng cho nh\u1eefng ai y\u00eau th\u00edch v\u1ebb \u0111\u1eb9p m\u1ed9c m\u1ea1c v\u00e0 tinh t\u1ebf. S\u1ea3n ph\u1ea9m \u0111\u01b0\u1ee3c s\u1ea3n xu\u1ea5t t\u1eeb g\u1ed1m ch\u1ea5t l\u01b0\u1ee3ng cao, c\u00f3 hai m\u00e0u \u0111\u1eb7c tr\u01b0ng l\u00e0 \u0111\u1ecf v\u00e0 \u0111\u1ecf \u0111\u1ea5t nung, mang l\u1ea1i c\u1ea3m gi\u00e1c \u1ea5m \u00e1p, g\u1ea7n g\u0169i cho kh\u00f4ng gian.<\/p>\n<p>V\u1edbi k\u00edch th\u01b0\u1edbc nh\u1ecf g\u1ecdn 6&#215;24 cm, g\u1ea1ch th\u1ebb G\u1ed1m M\u1ef9 d\u1ec5 d\u00e0ng thi c\u00f4ng v\u00e0 ph\u00f9 h\u1ee3p cho nhi\u1ec1u h\u1ea1ng m\u1ee5c nh\u01b0 \u1ed1p t\u01b0\u1eddng ph\u00f2ng kh\u00e1ch, b\u1ebfp, s\u00e2n v\u01b0\u1eddn hay m\u1eb7t ti\u1ec1n.<\/p>\n<p>B\u1ec1 m\u1eb7t g\u1ea1ch b\u1ec1n m\u00e0u, ch\u1ed1ng th\u1ea5m t\u1ed1t v\u00e0 gi\u1eef \u0111\u01b0\u1ee3c v\u1ebb \u0111\u1eb9p t\u1ef1 nhi\u00ean theo th\u1eddi gian, gi\u00fap c\u00f4ng tr\u00ecnh tr\u1edf n\u00ean sang tr\u1ecdng v\u00e0 kh\u00e1c bi\u1ec7t.<\/p>\n","protected":false},"excerpt":{"rendered":"<p>G\u1ea0CH TH\u1eba 6X24 G\u1ed0M M\u1ef8 G\u1ea1ch th\u1ebb 6&#215;24 G\u1ed1m M\u1ef9 l\u00e0 l\u1ef1a ch\u1ecdn l\u00fd t\u01b0\u1edfng cho nh\u1eefng ai y\u00eau th\u00edch v\u1ebb \u0111\u1eb9p m\u1ed9c m\u1ea1c v\u00e0 tinh t\u1ebf. S\u1ea3n ph\u1ea9m \u0111\u01b0\u1ee3c s\u1ea3n xu\u1ea5t t\u1eeb g\u1ed1m ch\u1ea5t l\u01b0\u1ee3ng cao, c\u00f3 hai m\u00e0u \u0111\u1eb7c tr\u01b0ng l\u00e0 \u0111\u1ecf v\u00e0 \u0111\u1ecf \u0111\u1ea5t nung, mang l\u1ea1i c\u1ea3m gi\u00e1c \u1ea5m \u00e1p, g\u1ea7n [&hellip;]<\/p>\n","protected":false},"featured_media":6747,"comment_status":"open","ping_status":"closed","template":"","meta":{"_acf_changed":false,"_jet_sm_ready_style":"","_jet_sm_style":"","_jet_sm_controls_values":"","_jet_sm_fonts_collection":"","_jet_sm_fonts_links":""},"product_cat":[689],"product_tag":[416],"child-category":[690],"parent-category":[407],"class_list":{"0":"post-6746","1":"product","2":"type-product","3":"status-publish","4":"has-post-thumbnail","6":"product_cat-gach-the","7":"product_tag-dat-nung-trang-men","8":"child-category-gach-the","9":"parent-category-gach-trang-tri","11":"entry","12":"has-media","14":"first","15":"instock","16":"shipping-taxable","17":"product-type-simple","18":"has-product-nav","19":"col","20":"span_1_of_3","21":"owp-content-center","22":"owp-thumbs-layout-horizontal","23":"owp-btn-normal","24":"owp-tabs-layout-horizontal"},"acf":[],"jetpack_sharing_enabled":true,"_links":{"self":[{"href":"https:\/\/vlxdquedong.vn\/index.php?rest_route=\/wp\/v2\/product\/6746","targetHints":{"allow":["GET"]}}],"collection":[{"href":"https:\/\/vlxdquedong.vn\/index.php?rest_route=\/wp\/v2\/product"}],"about":[{"href":"https:\/\/vlxdquedong.vn\/index.php?rest_route=\/wp\/v2\/types\/product"}],"replies":[{"embeddable":true,"href":"https:\/\/vlxdquedong.vn\/index.php?rest_route=%2Fwp%2Fv2%2Fcomments&post=6746"}],"wp:featuredmedia":[{"embeddable":true,"href":"https:\/\/vlxdquedong.vn\/index.php?rest_route=\/wp\/v2\/media\/6747"}],"wp:attachment":[{"href":"https:\/\/vlxdquedong.vn\/index.php?rest_route=%2Fwp%2Fv2%2Fmedia&parent=6746"}],"wp:term":[{"taxonomy":"product_cat","embeddable":true,"href":"https:\/\/vlxdquedong.vn\/index.php?rest_route=%2Fwp%2Fv2%2Fproduct_cat&post=6746"},{"taxonomy":"product_tag","embeddable":true,"href":"https:\/\/vlxdquedong.vn\/index.php?rest_route=%2Fwp%2Fv2%2Fproduct_tag&post=6746"},{"taxonomy":"child-category","embeddable":true,"href":"https:\/\/vlxdquedong.vn\/index.php?rest_route=%2Fwp%2Fv2%2Fchild-category&post=6746"},{"taxonomy":"parent-category","embeddable":true,"href":"https:\/\/vlxdquedong.vn\/index.php?rest_route=%2Fwp%2Fv2%2Fparent-category&post=6746"}],"curies":[{"name":"wp","href":"https:\/\/api.w.org\/{rel}","templated":true}]}}