{"id":7215,"date":"2026-02-28T05:35:44","date_gmt":"2026-02-28T05:35:44","guid":{"rendered":"https:\/\/vlxdquedong.vn\/?post_type=product&#038;p=7215"},"modified":"2026-02-28T07:07:27","modified_gmt":"2026-02-28T07:07:27","slug":"hoa-roi","status":"publish","type":"product","link":"https:\/\/vlxdquedong.vn\/?product=hoa-roi","title":{"rendered":"Hoa Roi"},"content":{"rendered":"<p><em><strong>1. Gi\u1edbi thi\u1ec7u s\u1ea3n ph\u1ea9m<\/strong><\/em><\/p>\n<p>G\u1ea1ch b\u00f4ng gi\u00f3 \u0111\u1ea5t nung hoa roi l\u00e0 d\u00f2ng g\u1ea1ch th\u00f4ng gi\u00f3 cao c\u1ea5p \u0111\u01b0\u1ee3c s\u1ea3n xu\u1ea5t t\u1eeb \u0111\u1ea5t s\u00e9t t\u1ef1 nhi\u00ean nung \u1edf nhi\u1ec7t \u0111\u1ed9 cao, mang m\u00e0u \u0111\u1ecf \u0111\u1ea5t truy\u1ec1n th\u1ed1ng \u0111\u1eb7c tr\u01b0ng. Thi\u1ebft k\u1ebf h\u1ecda ti\u1ebft hoa roi m\u1ec1m m\u1ea1i, tinh t\u1ebf, ph\u00f9 h\u1ee3p cho c\u00e1c c\u00f4ng tr\u00ecnh mang phong c\u00e1ch Indochine, Tropical, hi\u1ec7n \u0111\u1ea1i ho\u1eb7c b\u00e1n c\u1ed5 \u0111i\u1ec3n.<\/p>\n<p>S\u1ea3n ph\u1ea9m gi\u00fap t\u1ed1i \u01b0u l\u1ea5y s\u00e1ng \u2013 th\u00f4ng gi\u00f3 t\u1ef1 nhi\u00ean \u2013 gi\u1ea3m nhi\u1ec7t \u2013 t\u0103ng th\u1ea9m m\u1ef9, th\u01b0\u1eddng \u0111\u01b0\u1ee3c \u1ee9ng d\u1ee5ng cho t\u01b0\u1eddng trang tr\u00ed, v\u00e1ch ng\u0103n, m\u1eb7t ti\u1ec1n, h\u00e0ng r\u00e0o ho\u1eb7c kh\u00f4ng gian s\u00e2n v\u01b0\u1eddn.<\/p>\n<p><em><strong>2. \u01afu \u0111i\u1ec3m n\u1ed5i b\u1eadt<\/strong><\/em><\/p>\n<p>Th\u00f4ng gi\u00f3 v\u00e0 l\u1ea5y s\u00e1ng t\u1ef1 nhi\u00ean, gi\u00fap gi\u1ea3m b\u00ed b\u00e1ch kh\u00f4ng gian<br \/>\nCh\u1ea5t li\u1ec7u \u0111\u1ea5t nung b\u1ec1n m\u00e0u, ch\u1ecbu n\u1eafng m\u01b0a t\u1ed1t<br \/>\nT\u0103ng t\u00ednh th\u1ea9m m\u1ef9 cho c\u00f4ng tr\u00ecnh<br \/>\nPh\u00f9 h\u1ee3p n\u1ed9i th\u1ea5t v\u00e0 ngo\u1ea1i th\u1ea5t<br \/>\nD\u1ec5 thi c\u00f4ng, d\u1ec5 k\u1ebft h\u1ee3p nhi\u1ec1u phong c\u00e1ch ki\u1ebfn tr\u00fac<\/p>\n<p><em><strong>3. \u1ee8ng d\u1ee5ng th\u1ef1c t\u1ebf<\/strong><\/em><\/p>\n<p>T\u01b0\u1eddng m\u1eb7t ti\u1ec1n nh\u00e0 ph\u1ed1<\/p>\n<p>V\u00e1ch ng\u0103n qu\u00e1n caf\u00e9, nh\u00e0 h\u00e0ng<\/p>\n<p>H\u00e0ng r\u00e0o bi\u1ec7t th\u1ef1<\/p>\n<p>T\u01b0\u1eddng s\u00e2n v\u01b0\u1eddn<\/p>\n<p>Gi\u1ebfng tr\u1eddi &amp; khu v\u1ef1c c\u1ea7u thang<\/p>\n<p><em><strong>4. C\u00e2u h\u1ecfi th\u01b0\u1eddng g\u1eb7p<\/strong><\/em><\/p>\n<p>1. G\u1ea1ch b\u00f4ng gi\u00f3 \u0111\u1ea5t nung c\u00f3 ch\u1ecbu m\u01b0a n\u1eafng t\u1ed1t kh\u00f4ng?<br \/>\nC\u00f3. S\u1ea3n ph\u1ea9m \u0111\u01b0\u1ee3c nung \u1edf nhi\u1ec7t \u0111\u1ed9 cao n\u00ean c\u00f3 \u0111\u1ed9 b\u1ec1n v\u00e0 kh\u1ea3 n\u0103ng ch\u1ecbu th\u1eddi ti\u1ebft t\u1ed1t.<\/p>\n<p>2. C\u00f3 th\u1ec3 s\u1eed d\u1ee5ng cho m\u1eb7t ti\u1ec1n nh\u00e0 ph\u1ed1 kh\u00f4ng?<br \/>\nHo\u00e0n to\u00e0n ph\u00f9 h\u1ee3p, gi\u00fap l\u1ea5y s\u00e1ng v\u00e0 t\u1ea1o \u0111i\u1ec3m nh\u1ea5n ki\u1ebfn tr\u00fac.<\/p>\n<p>3. C\u00e1ch t\u00ednh s\u1ed1 l\u01b0\u1ee3ng g\u1ea1ch c\u1ea7n d\u00f9ng?<br \/>\nT\u00f9y k\u00edch th\u01b0\u1edbc v\u00e0 m\u1ea1ch v\u1eefa, trung b\u00ecnh 20\u201325 vi\u00ean\/m\u00b2.<\/p>\n","protected":false},"excerpt":{"rendered":"<p>1. Gi\u1edbi thi\u1ec7u s\u1ea3n ph\u1ea9m G\u1ea1ch b\u00f4ng gi\u00f3 \u0111\u1ea5t nung hoa roi l\u00e0 d\u00f2ng g\u1ea1ch th\u00f4ng gi\u00f3 cao c\u1ea5p \u0111\u01b0\u1ee3c s\u1ea3n xu\u1ea5t t\u1eeb \u0111\u1ea5t s\u00e9t t\u1ef1 nhi\u00ean nung \u1edf nhi\u1ec7t \u0111\u1ed9 cao, mang m\u00e0u \u0111\u1ecf \u0111\u1ea5t truy\u1ec1n th\u1ed1ng \u0111\u1eb7c tr\u01b0ng. Thi\u1ebft k\u1ebf h\u1ecda ti\u1ebft hoa roi m\u1ec1m m\u1ea1i, tinh t\u1ebf, ph\u00f9 h\u1ee3p cho c\u00e1c c\u00f4ng [&hellip;]<\/p>\n","protected":false},"featured_media":7217,"comment_status":"open","ping_status":"closed","template":"","meta":{"_acf_changed":false,"_jet_sm_ready_style":"","_jet_sm_style":"","_jet_sm_controls_values":"","_jet_sm_fonts_collection":"","_jet_sm_fonts_links":""},"product_cat":[460],"product_tag":[],"child-category":[461],"parent-category":[408],"class_list":{"0":"post-7215","1":"product","2":"type-product","3":"status-publish","4":"has-post-thumbnail","6":"product_cat-bong-gio-dat-nung","7":"child-category-bong-gio-dat-nung","8":"parent-category-bong-gio","10":"entry","11":"has-media","13":"first","14":"instock","15":"shipping-taxable","16":"product-type-simple","17":"has-product-nav","18":"col","19":"span_1_of_3","20":"owp-content-center","21":"owp-thumbs-layout-horizontal","22":"owp-btn-normal","23":"owp-tabs-layout-horizontal"},"acf":[],"jetpack_sharing_enabled":true,"_links":{"self":[{"href":"https:\/\/vlxdquedong.vn\/index.php?rest_route=\/wp\/v2\/product\/7215","targetHints":{"allow":["GET"]}}],"collection":[{"href":"https:\/\/vlxdquedong.vn\/index.php?rest_route=\/wp\/v2\/product"}],"about":[{"href":"https:\/\/vlxdquedong.vn\/index.php?rest_route=\/wp\/v2\/types\/product"}],"replies":[{"embeddable":true,"href":"https:\/\/vlxdquedong.vn\/index.php?rest_route=%2Fwp%2Fv2%2Fcomments&post=7215"}],"wp:featuredmedia":[{"embeddable":true,"href":"https:\/\/vlxdquedong.vn\/index.php?rest_route=\/wp\/v2\/media\/7217"}],"wp:attachment":[{"href":"https:\/\/vlxdquedong.vn\/index.php?rest_route=%2Fwp%2Fv2%2Fmedia&parent=7215"}],"wp:term":[{"taxonomy":"product_cat","embeddable":true,"href":"https:\/\/vlxdquedong.vn\/index.php?rest_route=%2Fwp%2Fv2%2Fproduct_cat&post=7215"},{"taxonomy":"product_tag","embeddable":true,"href":"https:\/\/vlxdquedong.vn\/index.php?rest_route=%2Fwp%2Fv2%2Fproduct_tag&post=7215"},{"taxonomy":"child-category","embeddable":true,"href":"https:\/\/vlxdquedong.vn\/index.php?rest_route=%2Fwp%2Fv2%2Fchild-category&post=7215"},{"taxonomy":"parent-category","embeddable":true,"href":"https:\/\/vlxdquedong.vn\/index.php?rest_route=%2Fwp%2Fv2%2Fparent-category&post=7215"}],"curies":[{"name":"wp","href":"https:\/\/api.w.org\/{rel}","templated":true}]}}